dreds digit of 142177?
1
What is the units digit of 311624?
4
What is the units digit of 16260191?
1
What is the hundreds digit of 586703?
7
What is the thousands digit of 1097666?
7
What is the hundreds digit of 8891596?
5
What is the hundreds digit of 1192179?
1
What is the hundreds digit of 7994206?
2
What is the hundreds digit of 15224894?
8
What is the tens digit of 14714401?
0
What is the thousands digit of 391434?
1
What is the hundred thousands digit of 8239785?
2
What is the units digit of 715117?
7
What is the units digit of 57458?
8
What is the tens digit of 407793?
9
What is the ten thousands digit of 1987969?
8
What is the hundreds digit of 306333?
3
What is the ten thousands digit of 4639910?
3
What is the hundred thousands digit of 2537751?
5
What is the hundred thousands digit of 222947?
2
What is the units digit of 525220?
0
What is the tens digit of 23079871?
7
What is the units digit of 572851?
1
What is the units digit of 1495440?
0
What is the units digit of 747420?
0
What is the hundreds digit of 4360598?
5
What is the hundred thousands digit of 114022?
1
What is the hundreds digit of 1760528?
5
What is the thousands digit of 9216493?
6
What is the tens digit of 18351723?
2
What is the ten thousands digit of 15965003?
6
What is the units digit of 628977?
7
What is the tens digit of 91731?
3
What is the ten thousands digit of 2691728?
9
What is the tens digit of 128435?
3
What is the millions digit of 1561219?
1
What is the units digit of 204230?
0
What is the thousands digit of 98238?
8
What is the hundred thousands digit of 537426?
5
What is the hundred thousands digit of 2837445?
8
What is the hundreds digit of 95480?
4
What is the hundreds digit of 2259777?
7
What is the units digit of 3285266?
6
What is the ten thousands digit of 124160?
2
What is the tens digit of 624455?
5
What is the hundreds digit of 14715680?
6
What is the units digit of 2887842?
2
What is the thousands digit of 1638458?
8
What is the hundreds digit of 61238?
2
What is the tens digit of 21108277?
7
What is the hundred thousands digit of 1524450?
5
What is the millions digit of 21526030?
1
What is the hundreds digit of 7902660?
6
What is the thousands digit of 3005446?
5
What is the hundreds digit of 23132?
1
What is the tens digit of 342033?
3
What is the millions digit of 12632783?
2
What is the ten thousands digit of 3712943?
1
What is the hundred thousands digit of 14065702?
0
What is the tens digit of 4291391?
9
What is the thousands digit of 30035?
0
What is the thousands digit of 7304773?
4
What is the units digit of 2843644?
4
What is the tens digit of 2272897?
9
What is the units digit of 941215?
5
What is the units digit of 260061?
1
What is the hundreds digit of 524175?
1
What is the millions digit of 22004325?
2
What is the ten thousands digit of 2793858?
9
What is the tens digit of 86864?
6
What is the units digit of 1187379?
9
What is the ten thousands digit of 14748939?
4
What is the units digit of 450767?
7
What is the hundreds digit of 719504?
5
What is the hundred thousands digit of 555540?
5
What is the units digit of 33702115?
5
What is the hundred thousands digit of 595021?
5
What is the ten thousands digit of 4428599?
2
What is the hundred thousands digit of 159526?
1
What is the hundreds digit of 63549?
5
What is the hundreds digit of 1006185?
1
What is the ten millions digit of 12503996?
1
What is the thousands digit of 2422834?
2
What is the hundreds digit of 2085882?
8
What is the thousands digit of 779479?
9
What is the tens digit of 30672?
7
What is the ten thousands digit of 2797704?
9
What is the ten thousands digit of 62369?
6
What is the thousands digit of 148426?
8
What is the tens digit of 11046919?
1
What is the ten thousands digit of 1727397?
2
What is the thousands digit of 3943592?
3
What is the ten thousands digit of 206098?
0
What is the tens digit of 544735?
3
What is the millions digit of 1620969?
1
What is the thousands digit of 6541502?
1
What is the hundred thousands digit of 1305530?
3
What is the thousands digit of 1436112?
6
What is the hundreds digit of 414255?
2
What is the units digit of 523794?
4
What is the ten thousands digit of 54143?
5
What is the hundreds digit of 165041?
0
What is the units digit of 3439987?
7
What is the units digit of 1161454?
4
What is the thousands digit of 260857?
0
What is the thousands digit of 299693?
9
What is the hundreds digit of 905433?
4
What is the units digit of 744516?
6
What is the tens digit of 736576?
7
What is the ten thousands digit of 506207?
0
What is the millions digit of 2848518?
2
What is the millions digit of 8786506?
8
What is the tens digit of 8089668?
6
What is the thousands digit of 127367?
7
What is the units digit of 114005?
5
What is the hundreds digit of 2140016?
0
What is the tens digit of 815426?
2
What is the hundred thousands digit of 352041?
3
What is the hundred thousands digit of 9400694?
4
What is the tens digit of 407763?
6
What is the ten thousands digit of 552944?
5
What is the units digit of 381206?
6
What is the tens digit of 532575?
7
What is the tens digit of 202291?
9
What is the hundred thousands digit of 7003672?
0
What is the millions digit of 12305041?
2
What is the thousands digit of 845041?
5
What is the tens digit of 622700?
0
What is the hundred thousands digit of 2794430?
7
What is the thousands digit of 11183275?
3
What is the hundreds digit of 360065?
0
What is the hundreds digit of 343014?
0
What is the hundreds digit of 2335898?
8
What is the hundred thousands digit of 3235020?
2
What is the tens digit of 428667?
6
What is the hundred thousands digit of 133334?
1
What is the ten thousands digit of 666772?
6
What is the ten thousands digit of 1488549?
8
What is the units digit of 957639?
9
What is the units digit of 499079?
9
What is the units digit of 228819?
9
What is the units digit of 2193284?
4
What is the hundreds digit of 6696098?
0
What is the units digit of 337511?
1
What is the hundred thousands digit of 232817?
2
What is the hundreds digit of 291797?
7
What is the hundred thousands digit of 125127?
1
What is the tens digit of 1025765?
6
What is the tens digit of 10396022?
2
What is the hundred thousands digit of 169599?
1
What is the millions digit of 8766151?
8
What is the units digit of 77384?
4
What is the hundreds digit of 4266020?
0
What is the thousands digit of 6452468?
2
What is the tens digit of 1980480?
8
What is the hundreds digit of 903766?
7
What is the ten thousands digit of 278088?
7
What is the millions digit of 1602995?
1
What is the units digit of 2970989?
9
What is the ten thousands digit of 8149514?
4
What is the millions digit of 1981181?
1
What is the millions digit of 9202731?
9
What is the hundred thousands digit of 1034442?
0
What is the units digit of 270909?
9
What is the hundred thousands digit of 3275263?
2
What is the units digit of 7147192?
2
What is the ten thousands digit of 37157?
3
What is the units digit of 1265657?
7
What is the units digit of 37898?
8
What is the hundred thousands digit of 13373917?
3
What is the tens digit of 47805?
0
What is the units digit of 27337339?
9
What is the ten thousands digit of 248244?
4
What is the hundred thousands digit of 198545?
1
What is the hundreds digit of 567693?
6
What is the hundred thousands digit of 971450?
9
What is the tens digit of 170770?
7
What is the tens digit of 12310683?
8
What is the thousands digit of 77620?
7
What is the thousands digit of 490257?
0
What is the hundreds digit of 259760?
7
What is the millions digit of 11865756?
1
What is the hundreds digit of 535844?
8
What is the hundreds digit of 188129?
1
What is the units digit of 910734?
4
What is the tens digit of 2132580?
8
What is the thousands digit of 4339271?
9
What is the hundreds digit of 160027?
0
What is the hundred thousands digit of 256751?
2
What is the ten thousands digit of 2783491?
8
What is the ten thousands digit of 61071?
6
What is the hundred thousands digit of 6058734?
0
What is the tens digit of 7636872?
7
What is the hundreds digit of 720638?
6
What is the tens digit of 169118?
1
What is the hundred thousands digit of 1148624?
1
What is the hundreds digit of 25301444?
4
What is the ten thousands digit of 9076644?
7
What is th